{"id":234,"date":"2023-02-02T11:48:46","date_gmt":"2023-02-02T11:48:46","guid":{"rendered":"https:\/\/kozleo.lkg-bp.hu\/?page_id=234"},"modified":"2024-01-03T17:14:39","modified_gmt":"2024-01-03T17:14:39","slug":"adatvedelem","status":"publish","type":"page","link":"https:\/\/kozleo.lkg-bp.hu\/?page_id=234","title":{"rendered":"Adatv\u00e9delem"},"content":{"rendered":"\n<p>A K\u00f6zLe\u00f6 szervere napl\u00f3zza az oldalt lek\u00e9r\u0151 sz\u00e1m\u00edt\u00f3g\u00e9pek bejelentkez\u00e9si d\u00e1tum\u00e1t, IP-c\u00edm\u00e9t, az oper\u00e1ci\u00f3s rendszer\u00e9t \u00e9s a b\u00f6ng\u00e9sz\u0151 t\u00edpus\u00e1t. Tiszteletben tartjuk l\u00e1togat\u00f3ink bizalmas inform\u00e1ci\u00f3it; a tudom\u00e1sunkra jut\u00f3, a felhaszn\u00e1l\u00f3kra vonatkoz\u00f3 valamennyi adatot \u00e9s t\u00e9nyt bizalmasan kezel\u00fcnk; azokat kiz\u00e1r\u00f3lag az oldal fejleszt\u00e9s\u00e9hez haszn\u00e1ljuk fel. Az \u00edgy megszerzett adatokat harmadik f\u00e9lnek nem adjuk ki.<\/p>\n\n\n\n<p>A weblapunk futtat\u00e1s\u00e1hoz haszn\u00e1lunk cookie-kat&nbsp;(s\u00fcti).<\/p>\n\n\n\n<p>Az oldalunk b\u00f6ng\u00e9sz\u00e9se az adatok t\u00e1rol\u00e1s\u00e1hoz t\u00f6rt\u00e9n\u0151 hozz\u00e1j\u00e1rul\u00e1snak min\u0151s\u00fcl.<\/p>\n\n\n\n<p> B\u00e1rmilyen \u00e9szrev\u00e9tel eset\u00e9n k\u00e9rj\u00fck,&nbsp;keress minket! <\/p>\n\n\n\n<p class=\"has-text-align-center has-medium-font-size\"><strong>Jogok<\/strong><\/p>\n\n\n\n<p>A&nbsp;<em>kozleo.lkg-bp.hu<\/em> tulajdonosa \u00e9s fenntart\u00f3ja a Budapest IX. Ker\u00fcleti Le\u00f6vey Kl\u00e1ra Gimn\u00e1zium K\u00f6zLe\u00f6 szerkeszt\u0151s\u00e9ge. Az \u00e1ltalunk \u00fczemeltetett weboldal haszn\u00e1lat\u00e1nak felt\u00e9tele, hogy a Felhaszn\u00e1l\u00f3 el\u0151zetesen elolvassa \u00e9s elfogadja az&nbsp;<strong>Adatv\u00e9delemben<\/strong> le\u00edrtakat.<\/p>\n\n\n\n<p>A K\u00f6zLe\u00f6 egy adott tartalom eg\u00e9sz\u00e9t vagy r\u00e9szeit b\u00e1rmikor, el\u0151zetes bejelent\u00e9s n\u00e9lk\u00fcl m\u00f3dos\u00edthatja vagy visszavonhatja.<\/p>\n\n\n\n<p>A Felhaszn\u00e1l\u00f3 elfogadja, hogy a K\u00f6zLe\u00f6 nem felel a Felhaszn\u00e1l\u00f3 sz\u00e1m\u00edt\u00f3g\u00e9p\u00e9ben, t\u00e1blag\u00e9p\u00e9ben vagy mobiltelefonj\u00e1ban fell\u00e9p\u0151 hib\u00e1k\u00e9rt, adatveszt\u00e9s\u00e9rt vagy v\u00edrus \u00e1ltal okozott k\u00e1rok\u00e9rt.<\/p>\n\n\n\n<p>Rovatainkban m\u00e1s oldalakra vonatkoz\u00f3 hivatkoz\u00e1sok is tal\u00e1lhat\u00f3ak. Ezeken az oldalakon tal\u00e1lhat\u00f3 tartalom\u00e9rt semmilyennem\u0171 felel\u0151ss\u00e9get nem v\u00e1llalunk.<\/p>\n\n\n\n<p>Igyeksz\u00fcnk pontos, hiteles inform\u00e1ci\u00f3kat k\u00f6z\u00f6lni, de a t\u00e1j\u00e9koztat\u00e1sb\u00f3l fakad\u00f3 esetleges k\u00e1rok\u00e9rt felel\u0151ss\u00e9get nem v\u00e1llalunk.<\/p>\n\n\n\n<p><\/p>\n\n\n\n<p><\/p>\n\n\n\n<p><\/p>\n","protected":false},"excerpt":{"rendered":"<p>A K\u00f6zLe\u00f6 szervere napl\u00f3zza az oldalt lek\u00e9r\u0151 sz\u00e1m\u00edt\u00f3g\u00e9pek bejelentkez\u00e9si d\u00e1tum\u00e1t, IP-c\u00edm\u00e9t, az oper\u00e1ci\u00f3s rendszer\u00e9t \u00e9s a b\u00f6ng\u00e9sz\u0151 t\u00edpus\u00e1t. Tiszteletben tartjuk l\u00e1togat\u00f3ink bizalmas inform\u00e1ci\u00f3it; a tudom\u00e1sunkra jut\u00f3, a felhaszn\u00e1l\u00f3kra vonatkoz\u00f3 valamennyi&#8230;<\/p>\n","protected":false},"author":4,"featured_media":0,"parent":0,"menu_order":0,"comment_status":"closed","ping_status":"closed","template":"","meta":{"footnotes":""},"class_list":["post-234","page","type-page","status-publish","hentry"],"yoast_head":"<!-- This site is optimized with the Yoast SEO plugin v23.3 - https:\/\/yoast.com\/wordpress\/plugins\/seo\/ -->\n<title>Adatv\u00e9delem - K\u00f6zLe\u00f6<\/title>\n<meta name=\"robots\" content=\"index, follow, max-snippet:-1, max-image-preview:large, max-video-preview:-1\" \/>\n<link rel=\"canonical\" href=\"https:\/\/kozleo.lkg-bp.hu\/?page_id=234\" \/>\n<meta property=\"og:locale\" content=\"hu_HU\" \/>\n<meta property=\"og:type\" content=\"article\" \/>\n<meta property=\"og:title\" content=\"Adatv\u00e9delem - K\u00f6zLe\u00f6\" \/>\n<meta property=\"og:description\" content=\"A K\u00f6zLe\u00f6 szervere napl\u00f3zza az oldalt lek\u00e9r\u0151 sz\u00e1m\u00edt\u00f3g\u00e9pek bejelentkez\u00e9si d\u00e1tum\u00e1t, IP-c\u00edm\u00e9t, az oper\u00e1ci\u00f3s rendszer\u00e9t \u00e9s a b\u00f6ng\u00e9sz\u0151 t\u00edpus\u00e1t. Tiszteletben tartjuk l\u00e1togat\u00f3ink bizalmas inform\u00e1ci\u00f3it; a tudom\u00e1sunkra jut\u00f3, a felhaszn\u00e1l\u00f3kra vonatkoz\u00f3 valamennyi...\" \/>\n<meta property=\"og:url\" content=\"https:\/\/kozleo.lkg-bp.hu\/?page_id=234\" \/>\n<meta property=\"og:site_name\" content=\"K\u00f6zLe\u00f6\" \/>\n<meta property=\"article:modified_time\" content=\"2024-01-03T17:14:39+00:00\" \/>\n<meta name=\"twitter:card\" content=\"summary_large_image\" \/>\n<meta name=\"twitter:label1\" content=\"Becs\u00fclt olvas\u00e1si id\u0151\" \/>\n\t<meta name=\"twitter:data1\" content=\"1 perc\" \/>\n<script type=\"application\/ld+json\" class=\"yoast-schema-graph\">{\"@context\":\"https:\/\/schema.org\",\"@graph\":[{\"@type\":\"WebPage\",\"@id\":\"https:\/\/kozleo.lkg-bp.hu\/?page_id=234\",\"url\":\"https:\/\/kozleo.lkg-bp.hu\/?page_id=234\",\"name\":\"Adatv\u00e9delem - K\u00f6zLe\u00f6\",\"isPartOf\":{\"@id\":\"https:\/\/kozleo.lkg-bp.hu\/#website\"},\"datePublished\":\"2023-02-02T11:48:46+00:00\",\"dateModified\":\"2024-01-03T17:14:39+00:00\",\"breadcrumb\":{\"@id\":\"https:\/\/kozleo.lkg-bp.hu\/?page_id=234#breadcrumb\"},\"inLanguage\":\"hu\",\"potentialAction\":[{\"@type\":\"ReadAction\",\"target\":[\"https:\/\/kozleo.lkg-bp.hu\/?page_id=234\"]}]},{\"@type\":\"BreadcrumbList\",\"@id\":\"https:\/\/kozleo.lkg-bp.hu\/?page_id=234#breadcrumb\",\"itemListElement\":[{\"@type\":\"ListItem\",\"position\":1,\"name\":\"Kezd\u0151lap\",\"item\":\"https:\/\/kozleo.lkg-bp.hu\/\"},{\"@type\":\"ListItem\",\"position\":2,\"name\":\"Adatv\u00e9delem\"}]},{\"@type\":\"WebSite\",\"@id\":\"https:\/\/kozleo.lkg-bp.hu\/#website\",\"url\":\"https:\/\/kozleo.lkg-bp.hu\/\",\"name\":\"K\u00f6zLe\u00f6\",\"description\":\"A Le\u00f6vey Kl\u00e1ra Gimn\u00e1zium online di\u00e1k\u00fajs\u00e1gja\",\"publisher\":{\"@id\":\"https:\/\/kozleo.lkg-bp.hu\/#organization\"},\"potentialAction\":[{\"@type\":\"SearchAction\",\"target\":{\"@type\":\"EntryPoint\",\"urlTemplate\":\"https:\/\/kozleo.lkg-bp.hu\/?s={search_term_string}\"},\"query-input\":\"required name=search_term_string\"}],\"inLanguage\":\"hu\"},{\"@type\":\"Organization\",\"@id\":\"https:\/\/kozleo.lkg-bp.hu\/#organization\",\"name\":\"K\u00f6zLe\u00f6\",\"url\":\"https:\/\/kozleo.lkg-bp.hu\/\",\"logo\":{\"@type\":\"ImageObject\",\"inLanguage\":\"hu\",\"@id\":\"https:\/\/kozleo.lkg-bp.hu\/#\/schema\/logo\/image\/\",\"url\":\"https:\/\/kozleo.lkg-bp.hu\/wp-content\/uploads\/2022\/12\/suliujsag1-01_512x512px.png\",\"contentUrl\":\"https:\/\/kozleo.lkg-bp.hu\/wp-content\/uploads\/2022\/12\/suliujsag1-01_512x512px.png\",\"width\":512,\"height\":512,\"caption\":\"K\u00f6zLe\u00f6\"},\"image\":{\"@id\":\"https:\/\/kozleo.lkg-bp.hu\/#\/schema\/logo\/image\/\"},\"sameAs\":[\"https:\/\/instagram.com\/kozleo_suliujsag\"]}]}<\/script>\n<!-- \/ Yoast SEO plugin. -->","yoast_head_json":{"title":"Adatv\u00e9delem - K\u00f6zLe\u00f6","robots":{"index":"index","follow":"follow","max-snippet":"max-snippet:-1","max-image-preview":"max-image-preview:large","max-video-preview":"max-video-preview:-1"},"canonical":"https:\/\/kozleo.lkg-bp.hu\/?page_id=234","og_locale":"hu_HU","og_type":"article","og_title":"Adatv\u00e9delem - K\u00f6zLe\u00f6","og_description":"A K\u00f6zLe\u00f6 szervere napl\u00f3zza az oldalt lek\u00e9r\u0151 sz\u00e1m\u00edt\u00f3g\u00e9pek bejelentkez\u00e9si d\u00e1tum\u00e1t, IP-c\u00edm\u00e9t, az oper\u00e1ci\u00f3s rendszer\u00e9t \u00e9s a b\u00f6ng\u00e9sz\u0151 t\u00edpus\u00e1t. Tiszteletben tartjuk l\u00e1togat\u00f3ink bizalmas inform\u00e1ci\u00f3it; a tudom\u00e1sunkra jut\u00f3, a felhaszn\u00e1l\u00f3kra vonatkoz\u00f3 valamennyi...","og_url":"https:\/\/kozleo.lkg-bp.hu\/?page_id=234","og_site_name":"K\u00f6zLe\u00f6","article_modified_time":"2024-01-03T17:14:39+00:00","twitter_card":"summary_large_image","twitter_misc":{"Becs\u00fclt olvas\u00e1si id\u0151":"1 perc"},"schema":{"@context":"https:\/\/schema.org","@graph":[{"@type":"WebPage","@id":"https:\/\/kozleo.lkg-bp.hu\/?page_id=234","url":"https:\/\/kozleo.lkg-bp.hu\/?page_id=234","name":"Adatv\u00e9delem - K\u00f6zLe\u00f6","isPartOf":{"@id":"https:\/\/kozleo.lkg-bp.hu\/#website"},"datePublished":"2023-02-02T11:48:46+00:00","dateModified":"2024-01-03T17:14:39+00:00","breadcrumb":{"@id":"https:\/\/kozleo.lkg-bp.hu\/?page_id=234#breadcrumb"},"inLanguage":"hu","potentialAction":[{"@type":"ReadAction","target":["https:\/\/kozleo.lkg-bp.hu\/?page_id=234"]}]},{"@type":"BreadcrumbList","@id":"https:\/\/kozleo.lkg-bp.hu\/?page_id=234#breadcrumb","itemListElement":[{"@type":"ListItem","position":1,"name":"Kezd\u0151lap","item":"https:\/\/kozleo.lkg-bp.hu\/"},{"@type":"ListItem","position":2,"name":"Adatv\u00e9delem"}]},{"@type":"WebSite","@id":"https:\/\/kozleo.lkg-bp.hu\/#website","url":"https:\/\/kozleo.lkg-bp.hu\/","name":"K\u00f6zLe\u00f6","description":"A Le\u00f6vey Kl\u00e1ra Gimn\u00e1zium online di\u00e1k\u00fajs\u00e1gja","publisher":{"@id":"https:\/\/kozleo.lkg-bp.hu\/#organization"},"potentialAction":[{"@type":"SearchAction","target":{"@type":"EntryPoint","urlTemplate":"https:\/\/kozleo.lkg-bp.hu\/?s={search_term_string}"},"query-input":"required name=search_term_string"}],"inLanguage":"hu"},{"@type":"Organization","@id":"https:\/\/kozleo.lkg-bp.hu\/#organization","name":"K\u00f6zLe\u00f6","url":"https:\/\/kozleo.lkg-bp.hu\/","logo":{"@type":"ImageObject","inLanguage":"hu","@id":"https:\/\/kozleo.lkg-bp.hu\/#\/schema\/logo\/image\/","url":"https:\/\/kozleo.lkg-bp.hu\/wp-content\/uploads\/2022\/12\/suliujsag1-01_512x512px.png","contentUrl":"https:\/\/kozleo.lkg-bp.hu\/wp-content\/uploads\/2022\/12\/suliujsag1-01_512x512px.png","width":512,"height":512,"caption":"K\u00f6zLe\u00f6"},"image":{"@id":"https:\/\/kozleo.lkg-bp.hu\/#\/schema\/logo\/image\/"},"sameAs":["https:\/\/instagram.com\/kozleo_suliujsag"]}]}},"_links":{"self":[{"href":"https:\/\/kozleo.lkg-bp.hu\/index.php?rest_route=\/wp\/v2\/pages\/234","targetHints":{"allow":["GET"]}}],"collection":[{"href":"https:\/\/kozleo.lkg-bp.hu\/index.php?rest_route=\/wp\/v2\/pages"}],"about":[{"href":"https:\/\/kozleo.lkg-bp.hu\/index.php?rest_route=\/wp\/v2\/types\/page"}],"author":[{"embeddable":true,"href":"https:\/\/kozleo.lkg-bp.hu\/index.php?rest_route=\/wp\/v2\/users\/4"}],"replies":[{"embeddable":true,"href":"https:\/\/kozleo.lkg-bp.hu\/index.php?rest_route=%2Fwp%2Fv2%2Fcomments&post=234"}],"version-history":[{"count":10,"href":"https:\/\/kozleo.lkg-bp.hu\/index.php?rest_route=\/wp\/v2\/pages\/234\/revisions"}],"predecessor-version":[{"id":351,"href":"https:\/\/kozleo.lkg-bp.hu\/index.php?rest_route=\/wp\/v2\/pages\/234\/revisions\/351"}],"wp:attachment":[{"href":"https:\/\/kozleo.lkg-bp.hu\/index.php?rest_route=%2Fwp%2Fv2%2Fmedia&parent=234"}],"curies":[{"name":"wp","href":"https:\/\/api.w.org\/{rel}","templated":true}]}}